{"id":991,"date":"2023-03-26T18:09:50","date_gmt":"2023-03-26T18:09:50","guid":{"rendered":"https:\/\/cpcervantes.es\/?page_id=991"},"modified":"2023-03-30T10:41:25","modified_gmt":"2023-03-30T10:41:25","slug":"situacion","status":"publish","type":"page","link":"https:\/\/cpcervantes.es\/?page_id=991","title":{"rendered":"SITUACI\u00d3N"},"content":{"rendered":"\n<figure class=\"wp-block-image size-large\"><img fetchpriority=\"high\" decoding=\"async\" width=\"1024\" height=\"278\" src=\"https:\/\/cpcervantes.es\/wp-content\/uploads\/2023\/03\/Situacion-3-1024x278.png\" alt=\"\" class=\"wp-image-1023\" srcset=\"https:\/\/cpcervantes.es\/wp-content\/uploads\/2023\/03\/Situacion-3-1024x278.png 1024w, https:\/\/cpcervantes.es\/wp-content\/uploads\/2023\/03\/Situacion-3-300x82.png 300w, https:\/\/cpcervantes.es\/wp-content\/uploads\/2023\/03\/Situacion-3-768x209.png 768w, https:\/\/cpcervantes.es\/wp-content\/uploads\/2023\/03\/Situacion-3.png 1413w\" sizes=\"(max-width: 1024px) 100vw, 1024px\" \/><\/figure>\n\n\n\n<p>Situado en el barrio de El Cerilleru, en la zona Oeste de Gij\u00f3n.<\/p>\n\n\n\n<p>Cercanas al centro tenemos dos zonas verdes importantes como son el parque de El Lauredal y el Bosque Rotario. Tambi\u00e9n, pr\u00f3xima al colegio tenemos la playa de L\u00b4Arbeyal y diversas instalaciones deportivas que solemos utilizar para diferentes actividades. Es un entorno eminentemente urbano que pretendemos mejorar a trav\u00e9s del dise\u00f1o y desarrollo de los proyectos de Aprendizaje Servicio que llevamos a cabo.<\/p>\n\n\n\n<p>Ctra. Avil\u00e9s, 12 &#8211; 33213 &#8211; Gij\u00f3n &#8211; Asturias<\/p>\n\n\n\n<p>Tel\u00e9fono: 985 32 42 05<\/p>\n\n\n\n<p>miguelde@educastur.org   <\/p>\n\n\n\n<iframe src=\"https:\/\/www.google.com\/maps\/embed?pb=!1m18!1m12!1m3!1d2892.2779247722515!2d-5.7066222999999985!3d43.5382482!2m3!1f0!2f0!3f0!3m2!1i1024!2i768!4f13.1!3m3!1m2!1s0xd367da247b9f157%3A0x174205b1c76112e9!2sColegio%20P%C3%BAblico%20Miguel%20de%20Cervantes!5e0!3m2!1ses!2ses!4v1680172372858!5m2!1ses!2ses\" width=\"600\" height=\"450\" style=\"border:0;\" allowfullscreen=\"\" loading=\"lazy\" referrerpolicy=\"no-referrer-when-downgrade\"><\/iframe>\n","protected":false},"excerpt":{"rendered":"<p>Situado en el barrio de El Cerilleru, en la zona Oeste de Gij\u00f3n. Cercanas al centro tenemos dos zonas verdes importantes como son el parque de El Lauredal y el Bosque Rotario. Tambi\u00e9n, pr\u00f3xima al colegio tenemos la playa de L\u00b4Arbeyal y diversas instalaciones deportivas que solemos utilizar para diferentes actividades. Es un entorno eminentemente [&hellip;]<\/p>\n","protected":false},"author":2,"featured_media":0,"parent":0,"menu_order":0,"comment_status":"closed","ping_status":"closed","template":"","meta":{"footnotes":""},"class_list":["post-991","page","type-page","status-publish","hentry"],"yoast_head":"<!-- This site is optimized with the Yoast SEO plugin v25.5 - https:\/\/yoast.com\/wordpress\/plugins\/seo\/ -->\n<title>SITUACI\u00d3N - Colegio P\u00fablico MIGUEL de CERVANTES (Gij\u00f3n)<\/title>\n<meta name=\"robots\" content=\"index, follow, max-snippet:-1, max-image-preview:large, max-video-preview:-1\" \/>\n<link rel=\"canonical\" href=\"https:\/\/cpcervantes.es\/?page_id=991\" \/>\n<meta property=\"og:locale\" content=\"es_ES\" \/>\n<meta property=\"og:type\" content=\"article\" \/>\n<meta property=\"og:title\" content=\"SITUACI\u00d3N - Colegio P\u00fablico MIGUEL de CERVANTES (Gij\u00f3n)\" \/>\n<meta property=\"og:description\" content=\"Situado en el barrio de El Cerilleru, en la zona Oeste de Gij\u00f3n. Cercanas al centro tenemos dos zonas verdes importantes como son el parque de El Lauredal y el Bosque Rotario. Tambi\u00e9n, pr\u00f3xima al colegio tenemos la playa de L\u00b4Arbeyal y diversas instalaciones deportivas que solemos utilizar para diferentes actividades. Es un entorno eminentemente [&hellip;]\" \/>\n<meta property=\"og:url\" content=\"https:\/\/cpcervantes.es\/?page_id=991\" \/>\n<meta property=\"og:site_name\" content=\"Colegio P\u00fablico MIGUEL de CERVANTES (Gij\u00f3n)\" \/>\n<meta property=\"article:publisher\" content=\"https:\/\/www.facebook.com\/CPMigueldecervantes\/\" \/>\n<meta property=\"article:modified_time\" content=\"2023-03-30T10:41:25+00:00\" \/>\n<meta property=\"og:image\" content=\"https:\/\/cpcervantes.es\/wp-content\/uploads\/2023\/03\/Situacion-3-1024x278.png\" \/>\n<meta name=\"twitter:card\" content=\"summary_large_image\" \/>\n<meta name=\"twitter:label1\" content=\"Tiempo de lectura\" \/>\n\t<meta name=\"twitter:data1\" content=\"1 minuto\" \/>\n<script type=\"application\/ld+json\" class=\"yoast-schema-graph\">{\"@context\":\"https:\/\/schema.org\",\"@graph\":[{\"@type\":\"WebPage\",\"@id\":\"https:\/\/cpcervantes.es\/?page_id=991\",\"url\":\"https:\/\/cpcervantes.es\/?page_id=991\",\"name\":\"SITUACI\u00d3N - Colegio P\u00fablico MIGUEL de CERVANTES (Gij\u00f3n)\",\"isPartOf\":{\"@id\":\"https:\/\/cpcervantes.es\/#website\"},\"primaryImageOfPage\":{\"@id\":\"https:\/\/cpcervantes.es\/?page_id=991#primaryimage\"},\"image\":{\"@id\":\"https:\/\/cpcervantes.es\/?page_id=991#primaryimage\"},\"thumbnailUrl\":\"https:\/\/cpcervantes.es\/wp-content\/uploads\/2023\/03\/Situacion-3-1024x278.png\",\"datePublished\":\"2023-03-26T18:09:50+00:00\",\"dateModified\":\"2023-03-30T10:41:25+00:00\",\"breadcrumb\":{\"@id\":\"https:\/\/cpcervantes.es\/?page_id=991#breadcrumb\"},\"inLanguage\":\"es\",\"potentialAction\":[{\"@type\":\"ReadAction\",\"target\":[\"https:\/\/cpcervantes.es\/?page_id=991\"]}]},{\"@type\":\"ImageObject\",\"inLanguage\":\"es\",\"@id\":\"https:\/\/cpcervantes.es\/?page_id=991#primaryimage\",\"url\":\"https:\/\/cpcervantes.es\/wp-content\/uploads\/2023\/03\/Situacion-3.png\",\"contentUrl\":\"https:\/\/cpcervantes.es\/wp-content\/uploads\/2023\/03\/Situacion-3.png\",\"width\":1413,\"height\":384},{\"@type\":\"BreadcrumbList\",\"@id\":\"https:\/\/cpcervantes.es\/?page_id=991#breadcrumb\",\"itemListElement\":[{\"@type\":\"ListItem\",\"position\":1,\"name\":\"Portada\",\"item\":\"https:\/\/cpcervantes.es\/\"},{\"@type\":\"ListItem\",\"position\":2,\"name\":\"SITUACI\u00d3N\"}]},{\"@type\":\"WebSite\",\"@id\":\"https:\/\/cpcervantes.es\/#website\",\"url\":\"https:\/\/cpcervantes.es\/\",\"name\":\"Colegio P\u00fablico Miguel de Cervantes\",\"description\":\"\",\"publisher\":{\"@id\":\"https:\/\/cpcervantes.es\/#organization\"},\"potentialAction\":[{\"@type\":\"SearchAction\",\"target\":{\"@type\":\"EntryPoint\",\"urlTemplate\":\"https:\/\/cpcervantes.es\/?s={search_term_string}\"},\"query-input\":{\"@type\":\"PropertyValueSpecification\",\"valueRequired\":true,\"valueName\":\"search_term_string\"}}],\"inLanguage\":\"es\"},{\"@type\":\"Organization\",\"@id\":\"https:\/\/cpcervantes.es\/#organization\",\"name\":\"Colegio P\u00fablico Miguel de Cervantes\",\"url\":\"https:\/\/cpcervantes.es\/\",\"logo\":{\"@type\":\"ImageObject\",\"inLanguage\":\"es\",\"@id\":\"https:\/\/cpcervantes.es\/#\/schema\/logo\/image\/\",\"url\":\"https:\/\/cpcervantes.es\/wp-content\/uploads\/2020\/05\/Favicon.jpg\",\"contentUrl\":\"https:\/\/cpcervantes.es\/wp-content\/uploads\/2020\/05\/Favicon.jpg\",\"width\":512,\"height\":512,\"caption\":\"Colegio P\u00fablico Miguel de Cervantes\"},\"image\":{\"@id\":\"https:\/\/cpcervantes.es\/#\/schema\/logo\/image\/\"},\"sameAs\":[\"https:\/\/www.facebook.com\/CPMigueldecervantes\/\",\"https:\/\/www.youtube.com\/channel\/UCpE7C_IYe3SmpagWMMn6PGQ\"]}]}<\/script>\n<!-- \/ Yoast SEO plugin. -->","yoast_head_json":{"title":"SITUACI\u00d3N - Colegio P\u00fablico MIGUEL de CERVANTES (Gij\u00f3n)","robots":{"index":"index","follow":"follow","max-snippet":"max-snippet:-1","max-image-preview":"max-image-preview:large","max-video-preview":"max-video-preview:-1"},"canonical":"https:\/\/cpcervantes.es\/?page_id=991","og_locale":"es_ES","og_type":"article","og_title":"SITUACI\u00d3N - Colegio P\u00fablico MIGUEL de CERVANTES (Gij\u00f3n)","og_description":"Situado en el barrio de El Cerilleru, en la zona Oeste de Gij\u00f3n. Cercanas al centro tenemos dos zonas verdes importantes como son el parque de El Lauredal y el Bosque Rotario. Tambi\u00e9n, pr\u00f3xima al colegio tenemos la playa de L\u00b4Arbeyal y diversas instalaciones deportivas que solemos utilizar para diferentes actividades. Es un entorno eminentemente [&hellip;]","og_url":"https:\/\/cpcervantes.es\/?page_id=991","og_site_name":"Colegio P\u00fablico MIGUEL de CERVANTES (Gij\u00f3n)","article_publisher":"https:\/\/www.facebook.com\/CPMigueldecervantes\/","article_modified_time":"2023-03-30T10:41:25+00:00","og_image":[{"url":"https:\/\/cpcervantes.es\/wp-content\/uploads\/2023\/03\/Situacion-3-1024x278.png","type":"","width":"","height":""}],"twitter_card":"summary_large_image","twitter_misc":{"Tiempo de lectura":"1 minuto"},"schema":{"@context":"https:\/\/schema.org","@graph":[{"@type":"WebPage","@id":"https:\/\/cpcervantes.es\/?page_id=991","url":"https:\/\/cpcervantes.es\/?page_id=991","name":"SITUACI\u00d3N - Colegio P\u00fablico MIGUEL de CERVANTES (Gij\u00f3n)","isPartOf":{"@id":"https:\/\/cpcervantes.es\/#website"},"primaryImageOfPage":{"@id":"https:\/\/cpcervantes.es\/?page_id=991#primaryimage"},"image":{"@id":"https:\/\/cpcervantes.es\/?page_id=991#primaryimage"},"thumbnailUrl":"https:\/\/cpcervantes.es\/wp-content\/uploads\/2023\/03\/Situacion-3-1024x278.png","datePublished":"2023-03-26T18:09:50+00:00","dateModified":"2023-03-30T10:41:25+00:00","breadcrumb":{"@id":"https:\/\/cpcervantes.es\/?page_id=991#breadcrumb"},"inLanguage":"es","potentialAction":[{"@type":"ReadAction","target":["https:\/\/cpcervantes.es\/?page_id=991"]}]},{"@type":"ImageObject","inLanguage":"es","@id":"https:\/\/cpcervantes.es\/?page_id=991#primaryimage","url":"https:\/\/cpcervantes.es\/wp-content\/uploads\/2023\/03\/Situacion-3.png","contentUrl":"https:\/\/cpcervantes.es\/wp-content\/uploads\/2023\/03\/Situacion-3.png","width":1413,"height":384},{"@type":"BreadcrumbList","@id":"https:\/\/cpcervantes.es\/?page_id=991#breadcrumb","itemListElement":[{"@type":"ListItem","position":1,"name":"Portada","item":"https:\/\/cpcervantes.es\/"},{"@type":"ListItem","position":2,"name":"SITUACI\u00d3N"}]},{"@type":"WebSite","@id":"https:\/\/cpcervantes.es\/#website","url":"https:\/\/cpcervantes.es\/","name":"Colegio P\u00fablico Miguel de Cervantes","description":"","publisher":{"@id":"https:\/\/cpcervantes.es\/#organization"},"potentialAction":[{"@type":"SearchAction","target":{"@type":"EntryPoint","urlTemplate":"https:\/\/cpcervantes.es\/?s={search_term_string}"},"query-input":{"@type":"PropertyValueSpecification","valueRequired":true,"valueName":"search_term_string"}}],"inLanguage":"es"},{"@type":"Organization","@id":"https:\/\/cpcervantes.es\/#organization","name":"Colegio P\u00fablico Miguel de Cervantes","url":"https:\/\/cpcervantes.es\/","logo":{"@type":"ImageObject","inLanguage":"es","@id":"https:\/\/cpcervantes.es\/#\/schema\/logo\/image\/","url":"https:\/\/cpcervantes.es\/wp-content\/uploads\/2020\/05\/Favicon.jpg","contentUrl":"https:\/\/cpcervantes.es\/wp-content\/uploads\/2020\/05\/Favicon.jpg","width":512,"height":512,"caption":"Colegio P\u00fablico Miguel de Cervantes"},"image":{"@id":"https:\/\/cpcervantes.es\/#\/schema\/logo\/image\/"},"sameAs":["https:\/\/www.facebook.com\/CPMigueldecervantes\/","https:\/\/www.youtube.com\/channel\/UCpE7C_IYe3SmpagWMMn6PGQ"]}]}},"_links":{"self":[{"href":"https:\/\/cpcervantes.es\/index.php?rest_route=\/wp\/v2\/pages\/991","targetHints":{"allow":["GET"]}}],"collection":[{"href":"https:\/\/cpcervantes.es\/index.php?rest_route=\/wp\/v2\/pages"}],"about":[{"href":"https:\/\/cpcervantes.es\/index.php?rest_route=\/wp\/v2\/types\/page"}],"author":[{"embeddable":true,"href":"https:\/\/cpcervantes.es\/index.php?rest_route=\/wp\/v2\/users\/2"}],"replies":[{"embeddable":true,"href":"https:\/\/cpcervantes.es\/index.php?rest_route=%2Fwp%2Fv2%2Fcomments&post=991"}],"version-history":[{"count":8,"href":"https:\/\/cpcervantes.es\/index.php?rest_route=\/wp\/v2\/pages\/991\/revisions"}],"predecessor-version":[{"id":1071,"href":"https:\/\/cpcervantes.es\/index.php?rest_route=\/wp\/v2\/pages\/991\/revisions\/1071"}],"wp:attachment":[{"href":"https:\/\/cpcervantes.es\/index.php?rest_route=%2Fwp%2Fv2%2Fmedia&parent=991"}],"curies":[{"name":"wp","href":"https:\/\/api.w.org\/{rel}","templated":true}]}}