{"id":1610,"date":"2024-04-07T19:34:13","date_gmt":"2024-04-07T19:34:13","guid":{"rendered":"https:\/\/cpcervantes.es\/?page_id=1610"},"modified":"2025-02-19T12:57:02","modified_gmt":"2025-02-19T12:57:02","slug":"grupo-de-montana","status":"publish","type":"page","link":"https:\/\/cpcervantes.es\/?page_id=1610","title":{"rendered":"GRUPO DE MONTA\u00d1A"},"content":{"rendered":"\n<p><strong>6 DE ABRIL D\u00cdA MUNDIAL DE LA ACTIVIDAD F\u00cdSICA<\/strong>.  Ruta Senderista<\/p>\n\n\n\n<div class=\"wp-block-image\"><figure class=\"alignleft size-large is-resized\"><img decoding=\"async\" src=\"https:\/\/cpcervantes.es\/wp-content\/uploads\/2025\/02\/RutaSenderista6deAbril-724x1024.png\" alt=\"\" class=\"wp-image-1829\" width=\"178\" height=\"251\" srcset=\"https:\/\/cpcervantes.es\/wp-content\/uploads\/2025\/02\/RutaSenderista6deAbril-724x1024.png 724w, https:\/\/cpcervantes.es\/wp-content\/uploads\/2025\/02\/RutaSenderista6deAbril-212x300.png 212w, https:\/\/cpcervantes.es\/wp-content\/uploads\/2025\/02\/RutaSenderista6deAbril-768x1086.png 768w, https:\/\/cpcervantes.es\/wp-content\/uploads\/2025\/02\/RutaSenderista6deAbril-1086x1536.png 1086w, https:\/\/cpcervantes.es\/wp-content\/uploads\/2025\/02\/RutaSenderista6deAbril.png 1414w\" sizes=\"(max-width: 178px) 100vw, 178px\" \/><\/figure><\/div>\n\n\n\n<p>Informaci\u00f3n y recursos:<\/p>\n\n\n\n<p><a href=\"https:\/\/www.astursalud.es\/noticias\/-\/noticias\/materiales-sobre-estilo-de-vida-saludab-1\" target=\"_blank\" rel=\"noreferrer noopener\">Estilo de vida saludable<\/a><\/p>\n\n\n\n<p><a href=\"https:\/\/estilosdevidasaludable.sanidad.gob.es\/actividadFisica\/home.htm\" target=\"_blank\" rel=\"noreferrer noopener\">Actividad f\u00edsica y sedentarismo<\/a><\/p>\n\n\n\n<p><a href=\"https:\/\/estilosdevidasaludable.sanidad.gob.es\/actividadFisica\/actividad\/recomendaciones\/home.htm\" target=\"_blank\" rel=\"noreferrer noopener\">Recomendaciones sobre actividad f\u00edsica<\/a><\/p>\n\n\n\n<p><a href=\"https:\/\/www.sanidad.gob.es\/areas\/promocionPrevencion\/actividadFisica\/home.htm\" target=\"_blank\" rel=\"noreferrer noopener\">Promoci\u00f3n de la actividad f\u00edsica<\/a><\/p>\n\n\n\n<p><\/p>\n\n\n\n<p><\/p>\n\n\n\n<p><strong>PROGRAMA RUTAS CURSO 2024\/25<\/strong><\/p>\n\n\n\n<p>Pinchar en el <strong><a href=\"https:\/\/educastur-my.sharepoint.com\/:b:\/g\/personal\/miguelde_educastur_org\/EUsLMJCoMC5AtHlmMJflXKQBSk6mt1ElZxhcXmUCwl4MXw?e=nBAZCQ\" target=\"_blank\" rel=\"noreferrer noopener\">ENLACE<\/a><\/strong><\/p>\n\n\n\n<p><strong>1\u00aa REUNI\u00d3N DEL GRUPO DE MONTA\u00d1A CERVANTES CURSO 2024\/25<\/strong><\/p>\n\n\n\n<figure class=\"wp-block-image size-large\"><img fetchpriority=\"high\" decoding=\"async\" width=\"724\" height=\"1024\" src=\"https:\/\/cpcervantes.es\/wp-content\/uploads\/2024\/11\/1aReunion-724x1024.png\" alt=\"\" class=\"wp-image-1799\" srcset=\"https:\/\/cpcervantes.es\/wp-content\/uploads\/2024\/11\/1aReunion-724x1024.png 724w, https:\/\/cpcervantes.es\/wp-content\/uploads\/2024\/11\/1aReunion-212x300.png 212w, https:\/\/cpcervantes.es\/wp-content\/uploads\/2024\/11\/1aReunion-768x1086.png 768w, https:\/\/cpcervantes.es\/wp-content\/uploads\/2024\/11\/1aReunion-1086x1536.png 1086w, https:\/\/cpcervantes.es\/wp-content\/uploads\/2024\/11\/1aReunion.png 1414w\" sizes=\"(max-width: 724px) 100vw, 724px\" \/><\/figure>\n\n\n\n<p><strong>CURSO 2024-2025: REUNI\u00d3N PARA PLANIFICACI\u00d3N<\/strong><\/p>\n\n\n\n<p>Si est\u00e1s interesado\/a en acudir a la reuni\u00f3n del <strong>Grupo de Monta\u00f1a Cervantes<\/strong> para organizar las salidas de este curso escolar, accede al formulario a trav\u00e9s del <a href=\"https:\/\/forms.office.com\/e\/Zp3PBm0uts\" target=\"_blank\" rel=\"noreferrer noopener\">enlace<\/a> y selecciona la opci\u00f3n u opciones que m\u00e1s te interesen.<\/p>\n\n\n\n<p>La reuni\u00f3n tendr\u00e1 lugar en la semana del 25 de noviembre, <strong>fecha y hora en funci\u00f3n de la opci\u00f3n m\u00e1s votada<\/strong>.<\/p>\n\n\n\n<p><\/p>\n\n\n\n<p><strong>CURSO 2023-2024<\/strong><\/p>\n\n\n\n<p><strong>PRIMERA EXCURSI\u00d3N<\/strong>: <strong>RUTA TECHOS de 3 CONCEJOS<\/strong><\/p>\n\n\n\n<p>Pincha en el enlace para descargar el PDF con toda la informaci\u00f3n. <a href=\"https:\/\/educastur-my.sharepoint.com\/:b:\/g\/personal\/miguelde_educastur_org\/Eaj-dvnXmVRDmJscHeGi6d4BQrOMjQiNnNsYQBS2SgfqZQ?e=ycenRR\" target=\"_blank\" rel=\"noreferrer noopener\">DESCARGAR PDF<\/a><\/p>\n\n\n\n\n\n<p><strong>GRUPO de MONTA\u00d1A CERVANTES<\/strong><\/p>\n\n\n\n<div class=\"wp-block-image\"><figure class=\"aligncenter size-large is-resized\"><img decoding=\"async\" src=\"https:\/\/cpcervantes.es\/wp-content\/uploads\/2024\/04\/GMC2Circulo-1-1024x1024.png\" alt=\"\" class=\"wp-image-1619\" width=\"421\" height=\"421\"\/><\/figure><\/div>\n\n\n\n<figure class=\"wp-block-embed is-type-video is-provider-youtube wp-block-embed-youtube wp-embed-aspect-16-9 wp-has-aspect-ratio\"><div class=\"wp-block-embed__wrapper\">\n<iframe title=\"GRUPO de MONTA\u00d1A CERVANTES\" width=\"640\" height=\"360\" src=\"https:\/\/www.youtube.com\/embed\/R0xCtLtbAwc?feature=oembed\" frameborder=\"0\" allow=\"accelerometer; autoplay; clipboard-write; encrypted-media; gyroscope; picture-in-picture; web-share\" referrerpolicy=\"strict-origin-when-cross-origin\" allowfullscreen><\/iframe>\n<\/div><\/figure>\n\n\n\n<div class=\"wp-block-file\"><a id=\"wp-block-file--media-80451168-0875-4f67-b1eb-8a15eb69d889\" href=\"https:\/\/cpcervantes.es\/wp-content\/uploads\/2024\/04\/GMCObjetivos.pdf\">GMCObjetivos<\/a><a href=\"https:\/\/cpcervantes.es\/wp-content\/uploads\/2024\/04\/GMCObjetivos.pdf\" class=\"wp-block-file__button\" download aria-describedby=\"wp-block-file--media-80451168-0875-4f67-b1eb-8a15eb69d889\">Descarga<\/a><\/div>\n","protected":false},"excerpt":{"rendered":"<p>6 DE ABRIL D\u00cdA MUNDIAL DE LA ACTIVIDAD F\u00cdSICA. Ruta Senderista Informaci\u00f3n y recursos: Estilo de vida saludable Actividad f\u00edsica y sedentarismo Recomendaciones sobre actividad f\u00edsica Promoci\u00f3n de la actividad f\u00edsica PROGRAMA RUTAS CURSO 2024\/25 Pinchar en el ENLACE 1\u00aa REUNI\u00d3N DEL GRUPO DE MONTA\u00d1A CERVANTES CURSO 2024\/25 CURSO 2024-2025: REUNI\u00d3N PARA PLANIFICACI\u00d3N Si est\u00e1s [&hellip;]<\/p>\n","protected":false},"author":2,"featured_media":0,"parent":0,"menu_order":0,"comment_status":"closed","ping_status":"closed","template":"","meta":{"footnotes":""},"class_list":["post-1610","page","type-page","status-publish","hentry"],"yoast_head":"<!-- This site is optimized with the Yoast SEO plugin v25.5 - https:\/\/yoast.com\/wordpress\/plugins\/seo\/ -->\n<title>GRUPO DE MONTA\u00d1A - Colegio P\u00fablico MIGUEL de CERVANTES (Gij\u00f3n)<\/title>\n<meta name=\"robots\" content=\"index, follow, max-snippet:-1, max-image-preview:large, max-video-preview:-1\" \/>\n<link rel=\"canonical\" href=\"https:\/\/cpcervantes.es\/?page_id=1610\" \/>\n<meta property=\"og:locale\" content=\"es_ES\" \/>\n<meta property=\"og:type\" content=\"article\" \/>\n<meta property=\"og:title\" content=\"GRUPO DE MONTA\u00d1A - Colegio P\u00fablico MIGUEL de CERVANTES (Gij\u00f3n)\" \/>\n<meta property=\"og:description\" content=\"6 DE ABRIL D\u00cdA MUNDIAL DE LA ACTIVIDAD F\u00cdSICA. Ruta Senderista Informaci\u00f3n y recursos: Estilo de vida saludable Actividad f\u00edsica y sedentarismo Recomendaciones sobre actividad f\u00edsica Promoci\u00f3n de la actividad f\u00edsica PROGRAMA RUTAS CURSO 2024\/25 Pinchar en el ENLACE 1\u00aa REUNI\u00d3N DEL GRUPO DE MONTA\u00d1A CERVANTES CURSO 2024\/25 CURSO 2024-2025: REUNI\u00d3N PARA PLANIFICACI\u00d3N Si est\u00e1s [&hellip;]\" \/>\n<meta property=\"og:url\" content=\"https:\/\/cpcervantes.es\/?page_id=1610\" \/>\n<meta property=\"og:site_name\" content=\"Colegio P\u00fablico MIGUEL de CERVANTES (Gij\u00f3n)\" \/>\n<meta property=\"article:publisher\" content=\"https:\/\/www.facebook.com\/CPMigueldecervantes\/\" \/>\n<meta property=\"article:modified_time\" content=\"2025-02-19T12:57:02+00:00\" \/>\n<meta property=\"og:image\" content=\"https:\/\/cpcervantes.es\/wp-content\/uploads\/2025\/02\/RutaSenderista6deAbril-724x1024.png\" \/>\n<meta name=\"twitter:card\" content=\"summary_large_image\" \/>\n<meta name=\"twitter:label1\" content=\"Tiempo de lectura\" \/>\n\t<meta name=\"twitter:data1\" content=\"2 minutos\" \/>\n<script type=\"application\/ld+json\" class=\"yoast-schema-graph\">{\"@context\":\"https:\/\/schema.org\",\"@graph\":[{\"@type\":\"WebPage\",\"@id\":\"https:\/\/cpcervantes.es\/?page_id=1610\",\"url\":\"https:\/\/cpcervantes.es\/?page_id=1610\",\"name\":\"GRUPO DE MONTA\u00d1A - Colegio P\u00fablico MIGUEL de CERVANTES (Gij\u00f3n)\",\"isPartOf\":{\"@id\":\"https:\/\/cpcervantes.es\/#website\"},\"primaryImageOfPage\":{\"@id\":\"https:\/\/cpcervantes.es\/?page_id=1610#primaryimage\"},\"image\":{\"@id\":\"https:\/\/cpcervantes.es\/?page_id=1610#primaryimage\"},\"thumbnailUrl\":\"https:\/\/cpcervantes.es\/wp-content\/uploads\/2025\/02\/RutaSenderista6deAbril-724x1024.png\",\"datePublished\":\"2024-04-07T19:34:13+00:00\",\"dateModified\":\"2025-02-19T12:57:02+00:00\",\"breadcrumb\":{\"@id\":\"https:\/\/cpcervantes.es\/?page_id=1610#breadcrumb\"},\"inLanguage\":\"es\",\"potentialAction\":[{\"@type\":\"ReadAction\",\"target\":[\"https:\/\/cpcervantes.es\/?page_id=1610\"]}]},{\"@type\":\"ImageObject\",\"inLanguage\":\"es\",\"@id\":\"https:\/\/cpcervantes.es\/?page_id=1610#primaryimage\",\"url\":\"https:\/\/cpcervantes.es\/wp-content\/uploads\/2025\/02\/RutaSenderista6deAbril.png\",\"contentUrl\":\"https:\/\/cpcervantes.es\/wp-content\/uploads\/2025\/02\/RutaSenderista6deAbril.png\",\"width\":1414,\"height\":2000},{\"@type\":\"BreadcrumbList\",\"@id\":\"https:\/\/cpcervantes.es\/?page_id=1610#breadcrumb\",\"itemListElement\":[{\"@type\":\"ListItem\",\"position\":1,\"name\":\"Portada\",\"item\":\"https:\/\/cpcervantes.es\/\"},{\"@type\":\"ListItem\",\"position\":2,\"name\":\"GRUPO DE MONTA\u00d1A\"}]},{\"@type\":\"WebSite\",\"@id\":\"https:\/\/cpcervantes.es\/#website\",\"url\":\"https:\/\/cpcervantes.es\/\",\"name\":\"Colegio P\u00fablico Miguel de Cervantes\",\"description\":\"\",\"publisher\":{\"@id\":\"https:\/\/cpcervantes.es\/#organization\"},\"potentialAction\":[{\"@type\":\"SearchAction\",\"target\":{\"@type\":\"EntryPoint\",\"urlTemplate\":\"https:\/\/cpcervantes.es\/?s={search_term_string}\"},\"query-input\":{\"@type\":\"PropertyValueSpecification\",\"valueRequired\":true,\"valueName\":\"search_term_string\"}}],\"inLanguage\":\"es\"},{\"@type\":\"Organization\",\"@id\":\"https:\/\/cpcervantes.es\/#organization\",\"name\":\"Colegio P\u00fablico Miguel de Cervantes\",\"url\":\"https:\/\/cpcervantes.es\/\",\"logo\":{\"@type\":\"ImageObject\",\"inLanguage\":\"es\",\"@id\":\"https:\/\/cpcervantes.es\/#\/schema\/logo\/image\/\",\"url\":\"https:\/\/cpcervantes.es\/wp-content\/uploads\/2020\/05\/Favicon.jpg\",\"contentUrl\":\"https:\/\/cpcervantes.es\/wp-content\/uploads\/2020\/05\/Favicon.jpg\",\"width\":512,\"height\":512,\"caption\":\"Colegio P\u00fablico Miguel de Cervantes\"},\"image\":{\"@id\":\"https:\/\/cpcervantes.es\/#\/schema\/logo\/image\/\"},\"sameAs\":[\"https:\/\/www.facebook.com\/CPMigueldecervantes\/\",\"https:\/\/www.youtube.com\/channel\/UCpE7C_IYe3SmpagWMMn6PGQ\"]}]}<\/script>\n<!-- \/ Yoast SEO plugin. -->","yoast_head_json":{"title":"GRUPO DE MONTA\u00d1A - Colegio P\u00fablico MIGUEL de CERVANTES (Gij\u00f3n)","robots":{"index":"index","follow":"follow","max-snippet":"max-snippet:-1","max-image-preview":"max-image-preview:large","max-video-preview":"max-video-preview:-1"},"canonical":"https:\/\/cpcervantes.es\/?page_id=1610","og_locale":"es_ES","og_type":"article","og_title":"GRUPO DE MONTA\u00d1A - Colegio P\u00fablico MIGUEL de CERVANTES (Gij\u00f3n)","og_description":"6 DE ABRIL D\u00cdA MUNDIAL DE LA ACTIVIDAD F\u00cdSICA. Ruta Senderista Informaci\u00f3n y recursos: Estilo de vida saludable Actividad f\u00edsica y sedentarismo Recomendaciones sobre actividad f\u00edsica Promoci\u00f3n de la actividad f\u00edsica PROGRAMA RUTAS CURSO 2024\/25 Pinchar en el ENLACE 1\u00aa REUNI\u00d3N DEL GRUPO DE MONTA\u00d1A CERVANTES CURSO 2024\/25 CURSO 2024-2025: REUNI\u00d3N PARA PLANIFICACI\u00d3N Si est\u00e1s [&hellip;]","og_url":"https:\/\/cpcervantes.es\/?page_id=1610","og_site_name":"Colegio P\u00fablico MIGUEL de CERVANTES (Gij\u00f3n)","article_publisher":"https:\/\/www.facebook.com\/CPMigueldecervantes\/","article_modified_time":"2025-02-19T12:57:02+00:00","og_image":[{"url":"https:\/\/cpcervantes.es\/wp-content\/uploads\/2025\/02\/RutaSenderista6deAbril-724x1024.png","type":"","width":"","height":""}],"twitter_card":"summary_large_image","twitter_misc":{"Tiempo de lectura":"2 minutos"},"schema":{"@context":"https:\/\/schema.org","@graph":[{"@type":"WebPage","@id":"https:\/\/cpcervantes.es\/?page_id=1610","url":"https:\/\/cpcervantes.es\/?page_id=1610","name":"GRUPO DE MONTA\u00d1A - Colegio P\u00fablico MIGUEL de CERVANTES (Gij\u00f3n)","isPartOf":{"@id":"https:\/\/cpcervantes.es\/#website"},"primaryImageOfPage":{"@id":"https:\/\/cpcervantes.es\/?page_id=1610#primaryimage"},"image":{"@id":"https:\/\/cpcervantes.es\/?page_id=1610#primaryimage"},"thumbnailUrl":"https:\/\/cpcervantes.es\/wp-content\/uploads\/2025\/02\/RutaSenderista6deAbril-724x1024.png","datePublished":"2024-04-07T19:34:13+00:00","dateModified":"2025-02-19T12:57:02+00:00","breadcrumb":{"@id":"https:\/\/cpcervantes.es\/?page_id=1610#breadcrumb"},"inLanguage":"es","potentialAction":[{"@type":"ReadAction","target":["https:\/\/cpcervantes.es\/?page_id=1610"]}]},{"@type":"ImageObject","inLanguage":"es","@id":"https:\/\/cpcervantes.es\/?page_id=1610#primaryimage","url":"https:\/\/cpcervantes.es\/wp-content\/uploads\/2025\/02\/RutaSenderista6deAbril.png","contentUrl":"https:\/\/cpcervantes.es\/wp-content\/uploads\/2025\/02\/RutaSenderista6deAbril.png","width":1414,"height":2000},{"@type":"BreadcrumbList","@id":"https:\/\/cpcervantes.es\/?page_id=1610#breadcrumb","itemListElement":[{"@type":"ListItem","position":1,"name":"Portada","item":"https:\/\/cpcervantes.es\/"},{"@type":"ListItem","position":2,"name":"GRUPO DE MONTA\u00d1A"}]},{"@type":"WebSite","@id":"https:\/\/cpcervantes.es\/#website","url":"https:\/\/cpcervantes.es\/","name":"Colegio P\u00fablico Miguel de Cervantes","description":"","publisher":{"@id":"https:\/\/cpcervantes.es\/#organization"},"potentialAction":[{"@type":"SearchAction","target":{"@type":"EntryPoint","urlTemplate":"https:\/\/cpcervantes.es\/?s={search_term_string}"},"query-input":{"@type":"PropertyValueSpecification","valueRequired":true,"valueName":"search_term_string"}}],"inLanguage":"es"},{"@type":"Organization","@id":"https:\/\/cpcervantes.es\/#organization","name":"Colegio P\u00fablico Miguel de Cervantes","url":"https:\/\/cpcervantes.es\/","logo":{"@type":"ImageObject","inLanguage":"es","@id":"https:\/\/cpcervantes.es\/#\/schema\/logo\/image\/","url":"https:\/\/cpcervantes.es\/wp-content\/uploads\/2020\/05\/Favicon.jpg","contentUrl":"https:\/\/cpcervantes.es\/wp-content\/uploads\/2020\/05\/Favicon.jpg","width":512,"height":512,"caption":"Colegio P\u00fablico Miguel de Cervantes"},"image":{"@id":"https:\/\/cpcervantes.es\/#\/schema\/logo\/image\/"},"sameAs":["https:\/\/www.facebook.com\/CPMigueldecervantes\/","https:\/\/www.youtube.com\/channel\/UCpE7C_IYe3SmpagWMMn6PGQ"]}]}},"_links":{"self":[{"href":"https:\/\/cpcervantes.es\/index.php?rest_route=\/wp\/v2\/pages\/1610","targetHints":{"allow":["GET"]}}],"collection":[{"href":"https:\/\/cpcervantes.es\/index.php?rest_route=\/wp\/v2\/pages"}],"about":[{"href":"https:\/\/cpcervantes.es\/index.php?rest_route=\/wp\/v2\/types\/page"}],"author":[{"embeddable":true,"href":"https:\/\/cpcervantes.es\/index.php?rest_route=\/wp\/v2\/users\/2"}],"replies":[{"embeddable":true,"href":"https:\/\/cpcervantes.es\/index.php?rest_route=%2Fwp%2Fv2%2Fcomments&post=1610"}],"version-history":[{"count":15,"href":"https:\/\/cpcervantes.es\/index.php?rest_route=\/wp\/v2\/pages\/1610\/revisions"}],"predecessor-version":[{"id":1831,"href":"https:\/\/cpcervantes.es\/index.php?rest_route=\/wp\/v2\/pages\/1610\/revisions\/1831"}],"wp:attachment":[{"href":"https:\/\/cpcervantes.es\/index.php?rest_route=%2Fwp%2Fv2%2Fmedia&parent=1610"}],"curies":[{"name":"wp","href":"https:\/\/api.w.org\/{rel}","templated":true}]}}